 and 15170.
10
Calculate the highest common factor of 1118 and 820053.
559
What is the greatest common factor of 112 and 4844?
28
What is the greatest common divisor of 16801 and 212?
53
What is the greatest common factor of 191 and 164833?
191
Calculate the highest common factor of 63 and 31230.
9
Calculate the greatest common factor of 10560 and 168520.
440
Calculate the greatest common factor of 19 and 219469.
19
What is the highest common divisor of 984 and 2829?
123
What is the highest common factor of 14553 and 484?
11
What is the highest common factor of 976 and 15494?
122
What is the highest common factor of 96 and 56904?
24
What is the highest common divisor of 100 and 346300?
100
What is the highest common factor of 2401116 and 876?
876
Calculate the greatest common divisor of 6836 and 96.
4
What is the highest common factor of 4 and 1702?
2
What is the highest common factor of 105 and 294350?
35
Calculate the highest common divisor of 195631 and 332.
83
Calculate the greatest common divisor of 1605 and 185645.
535
Calculate the highest common divisor of 123335 and 17.
17
What is the greatest common divisor of 13206 and 100068?
186
Calculate the highest common divisor of 36864 and 36.
36
What is the greatest common factor of 193809 and 231?
231
What is the highest common divisor of 2939 and 52?
1
Calculate the highest common factor of 303393 and 115.
23
Calculate the highest common divisor of 435 and 1605585.
435
Calculate the greatest common divisor of 525455 and 35.
35
Calculate the highest common divisor of 367748 and 712.
356
Calculate the greatest common divisor of 452 and 46443.
113
What is the greatest common divisor of 14444 and 35420?
92
What is the highest common divisor of 192 and 249920?
64
Calculate the greatest common factor of 72 and 119304.
72
What is the highest common divisor of 19749 and 19227?
87
What is the greatest common factor of 2409104 and 32?
16
What is the highest common factor of 175 and 427175?
175
Calculate the greatest common divisor of 4044 and 273307.
337
Calculate the greatest common factor of 73647 and 588.
147
What is the greatest common factor of 24 and 26072?
8
What is the highest common factor of 69179 and 418?
209
What is the greatest common divisor of 42666 and 78?
78
Calculate the greatest common divisor of 57650 and 500.
50
Calculate the highest common factor of 644 and 19719.
7
Calculate the greatest common factor of 53676 and 700.
28
Calculate the greatest common factor of 24 and 510544.
8
What is the highest common divisor of 75 and 285900?
75
Calculate the greatest common factor of 2700 and 6225.
75
What is the highest common divisor of 74 and 85248?
74
What is the highest common divisor of 196 and 19698?
98
Calculate the greatest common factor of 8 and 839428.
4
What is the greatest common divisor of 59 and 249511?
59
What is the greatest common divisor of 960204 and 6?
6
Calculate the highest common factor of 7885 and 5510.
95
What is the highest common factor of 80552 and 40?
8
Calculate the highest common divisor of 435 and 41100.
15
Calculate the highest common divisor of 212 and 4604.
4
What is the greatest common factor of 17745 and 65?
65
Calculate the highest common divisor of 1872772 and 1364.
1364
What is the greatest common factor of 72 and 211608?
72
Calculate the highest common factor of 11759209 and 77.
77
Calculate the highest common factor of 22015 and 430.
5
What is the greatest common divisor of 935 and 3825?
85
Calculate the highest common divisor of 7513 and 429.
11
What is the greatest common divisor of 8 and 26452?
4
Calculate the greatest common factor of 1463 and 124222.
133
Calculate the greatest common divisor of 696 and 2198316.
348
What is the highest common divisor of 22 and 920161?
11
Calculate the highest common divisor of 24 and 948.
12
Calculate the greatest common factor of 5117 and 275723.
119
Calculate the highest common factor of 117 and 153.
9
Calculate the highest common divisor of 765544 and 1299.
433
Calculate the greatest common factor of 8820 and 540.
180
Calculate the highest common factor of 22 and 959486.
22
What is the greatest common factor of 68204 and 3468?
1156
What is the greatest common divisor of 13167 and 1701?
63
What is the greatest common divisor of 3648 and 69696?
192
Calculate the highest common factor of 154548 and 144.
36
What is the highest common factor of 11459681 and 1081?
1081
What is the greatest common divisor of 15 and 9846?
3
What is the greatest common factor of 407565 and 270?
135
What is the greatest common divisor of 2626 and 221?
13
Calculate the greatest common factor of 9310 and 2033.
19
What is the greatest common divisor of 18027 and 9?
9
Calculate the greatest common factor of 7072 and 24856.
104
Calculate the highest common factor of 52726 and 246.
82
Calculate the greatest common divisor of 65159 and 207.
23
What is the greatest common factor of 72656 and 3346?
478
Calculate the greatest common divisor of 272 and 3026.
34
Calculate the greatest common factor of 54992 and 112.
112
What is the greatest common divisor of 207309 and 171?
57
Calculate the greatest common divisor of 18190 and 3230.
170
Calculate the greatest common divisor of 1782 and 1458.
162
What is the highest common divisor of 484 and 7777?
11
Calculate the highest common divisor of 265867 and 14.
7
Calculate the highest common factor of 112 and 165060.
28
Calculate the highest common divisor of 185270 and 2.
2
What is the highest common divisor of 107732 and 368?
92
What is the greatest common divisor of 5797 and 220627?
341
Calculate the greatest common divisor of 276 and 140622.
138
Calculate the greatest common factor of 85986 and 3060.
306
What is the greatest common divisor of 115600 and 2272?
16
What is the greatest common divisor of 4702040 and 1176?
392
Calculate the highest common factor of 2870 and 819098.
574
Calculate the greatest common divisor of 1188 and 16148.
44
What is the highest common divisor of 183 and 899079?
183
Calculate the greatest common factor of 556119 and 27.
27
Calculate the highest common divisor of 21483 and 1364.
341
What is the greatest common divisor of 184 and 34016?
8
Calculate the greatest common factor of 440 and 35200.
440
What is the highest common factor of 15 and 2310835?
5
What is the greatest common divisor of 893 and 6631?
19
What is the greatest common factor of 19964 and 3542?
322
What is the highest common factor of 364 and 181948?
52
What is the greatest common factor of 43798 and 13283?
359
What is the greatest common factor of 2481899 and 98?
49
Calculate the highest common divisor of 30285 and 765.
45
Calculate the highest common factor of 71281 and 595.
119
What is the greatest common factor of 109876 and 52?
52
Calculate the greatest common divisor of 22 and 12956.
2
What is the greatest common factor of 126 and 24591?
21
What is the highest common factor of 20 and 165105?
5
Calculate the highest common factor of 5530 and 126637.
553
What is the greatest common divisor of 8706 and 30?
6
What is the greatest common factor of 3717318 and 66?
66
What is the greatest common divisor of 10916 and 4?
4
What is the highest common divisor of 6032 and 72592?
208
Calculate the greatest common divisor of 72829 and 134.
67
What is the highest common divisor of 2862 and 43686?
54
What is the highest common divisor of 62240 and 320?
160
What is the highest common factor of 220925 and 225?
25
What is the greatest common divisor of 2850 and 460?
10
Calculate the greatest common factor of 4551 and 33333.
123
Calculate the highest common divisor of 292 and 2739763.
73
What is the highest common factor of 56 and 250642?
14
Calculate the greatest common divisor of 26 and 137176.
26
Calculate the highest common divisor of 13719 and 2397.
51
Calculate the highest common factor of 446442 and 222.
222
What is the highest common divisor of 390 and 136422?
78
Calculate the greatest common divisor of 2014464 and 344.
344
What is the greatest common divisor of 14287342 and 47?
47
What is the highest common factor of 627679 and 689?
689
Calculate the highest common divisor of 16272 and 1872.
144
What is the greatest common factor of 7138 and 6225?
83
What is the highest common divisor of 35 and 17213?
7
Ca